-h. What is the units digit of h?
1
Let s(v) = -v**2 + 4*v + 7. Let n be s(5). Suppose 0*q = n*i + q - 23, 0 = -3*i - 3*q + 30. What is the tens digit of (2 - 0) + (i - 2)?
1
What is the hundreds digit of (188580/315)/(-1 + 119/117)?
0
Let t(r) = 12*r**2 + 5*r + 38. What is the units digit of t(22)?
6
Suppose 16068 = 3*h + 2*y, 2*h + 3*y + 10738 = 4*h. What is the thousands digit of h?
5
Let u be (12/(-21))/((-6)/20391). Let h = u + -1092. What is the tens digit of h?
5
What is the units digit of (7/(105/10) - 0) + (-207020)/(-6)?
4
Let l(i) be the third derivative of 49*i**4/24 + 9*i**3 + 22*i**2 - i. What is the units digit of l(7)?
7
Let u = -440 + 7833. What is the thousands digit of u?
7
Let l(c) = -56*c**2 - 3534*c + 40. What is the units digit of l(-58)?
8
Let f = 124605 - 66481. What is the units digit of 1/5 + f/55?
7
Let r be 2/6 + (-11)/(-3). Suppose 3*s = -r*o - 240, 5*s + 7*o + 405 = 2*o. Let v = s - -126. What is the tens digit of v?
4
Let c = 33 + -27. Suppose 0 = c*x + 117 - 15. What is the tens digit of (-2924)/x*(-1)/(-2)?
8
Suppose 20 = 4*p + 6*p. Suppose 4*k = -2*l + 6*l - 1948, 3*k = -p*l + 949. Let o = l - 275. What is the tens digit of o?
0
Let t = 2282 - 654. What is the hundreds digit of t?
6
Suppose 63*b = 47*b + 259136. What is the ten thousands digit of b?
1
Let x = -78 - 203. Let d = -127 - x. What is the units digit of d?
4
Suppose -4*q = 2*f - 1894, -5*q = 4*f - 2*q - 3763. Let g = f + -559. What is the tens digit of g?
7
Suppose -2*j = 5*v - 28, 0*v + 2*v + 5*j - 7 = 0. Let q be 4/v*942/4. Suppose -f = -x + 41, 2*f = -4*x - f + q. What is the tens digit of x?
4
Let w(c) = -5542*c - 2733. What is the hundreds digit of w(-2)?
3
Suppose 66*u + 51*u = 73710. What is the tens digit of u?
3
Let l be 87/203 + (-45)/7. What is the hundreds digit of 172 - 6 - 1*l?
1
What is the ten thousands digit of 5/((-530)/120 - -4) - -35824?
3
Suppose -7*v + 643 = 251. Suppose 58*n = v*n + 20. What is the units digit of n?
0
Let f = 76 + -88. Let y be (-46 + 2)*99/f. What is the units digit of y/9 + (-4)/(-6)?
1
What is the thousands digit of (-1)/(-10) + 6618841/890?
7
Let n(b) = -62*b**3 - b**2. Let z be n(1). Let y = 3818 - 3863. Let a = y - z. What is the tens digit of a?
1
Let y = 3977 + -1743. What is the hundreds digit of y?
2
Suppose -12*n = -3*d - 15*n + 100566, -134076 = -4*d + 2*n. What is the ten thousands digit of d?
3
Let z(k) be the first derivative of 63*k**2 - 52*k - 38. Let l be z(20). Suppose -598 = 11*u - l. What is the tens digit of u?
7
Suppose -5*c + 2684 = 4*a - a, 2137 = 4*c - a. Let d = c - 167. What is the tens digit of d?
6
Suppose -r + 6 = 3*n, -3*n + 4 = -3*r - 2. Suppose -4*f + 408 - 108 = r. What is the units digit of f?
5
What is the tens digit of (21 - 14) + 17821 + -3?
2
Let y(x) = -5842*x - 182. What is the units digit of y(-1)?
0
Let p be 64/(-28) + 2 + (-452)/(-14). Let m(g) = -62 - 35*g + 20 + p. What is the tens digit of m(-3)?
9
Let g = 964 - -3501. What is the thousands digit of g?
4
Let i(a) = a**2 + a - 4. Let f be i(-3). Let b be (-2)/1*51/(-34). Suppose 4*l = -n + b*n - 174, -f*n = -2*l - 168. What is the tens digit of n?
8
Suppose -w - u = -1335, 2*w + 5*u = 1168 + 1511. Suppose 4*x = -5*h + 1387 - 55, 4*x - 4*h = w. What is the tens digit of x?
3
Let c(v) be the first derivative of 13*v**3/3 - 31*v + 98. What is the tens digit of c(7)?
0
Let o be (2 + -1)*(5 + 5 + 0). Suppose 0*h - 20 = 4*h, -5*y + h + o = 0. What is the tens digit of 2/1*196/4*y?
9
Let a(i) = -2*i**3 + 59*i**2 + 23*i - 66. Let g be a(30). What is the hundreds digit of (-4485)/g*(-312)/(-5)?
0
Let f be (-5 - -168*3) + 3. Let l = f - 342. What is the units digit of l?
0
Let o(t) = -t**3 - 8*t**2 + 6*t - 17. Let i be o(-9). Let s be 172/8 - (-2)/(-4). Let y = s - i. What is the tens digit of y?
1
Suppose -33 = -8*s - 1. Suppose 0 = -4*i + s*r, 6*r = -5*i + 2*r. Suppose 4*q - q - 414 = i. What is the hundreds digit of q?
1
Suppose -46*w = -6*w - 16*w - 120504. What is the thousands digit of w?
5
Let q be 17/(68/(-560)) + (2 - -1). Let d = q - -170. What is the tens digit of d?
3
Let g(n) = n**3 - 16*n**2 - 5*n + 31. Let d be g(17). Let z = 587 - d. What is the tens digit of z?
5
Let b(g) = -g + 5. Let w be b(2). Suppose -53 = -w*f + 85. Let m = f - 5. What is the tens digit of m?
4
What is the tens digit of (750/(-4))/((-678)/33448)?
5
Let y(x) = 4*x**2 + 2*x - 4. Let t be y(2). Suppose 0 = -4*z + t. Suppose -z*g + 48 = -3*g. What is the units digit of g?
8
Let l be (-34)/(-4)*(34 + -32). Suppose -l*z = -147 - 448. What is the tens digit of z?
3
Suppose -133*d = -134*d - 5*a + 804, 4*d = -3*a + 3301. What is the tens digit of d?
2
Let x be 2 + (0 - -3) - 5. Let q(j) = j**2 + 2*j + 317. What is the tens digit of q(x)?
1
Let l = -20280 - -37426. What is the thousands digit of l?
7
Let a(h) = h**3 + 10*h**2 + 5*h - 2. Suppose 3 - 7 = w. What is the units digit of a(w)?
4
Let r = 35432 + -3173. What is the units digit of r?
9
Let i = -702 - -704. Suppose -5*d + 6697 = 4*j, 2*d - 1705 = -i*j + 973. What is the tens digit of d?
4
Let q be (-1)/(4/10 - 91/140). Let o be (q - -3) + 3*4/(-6). Suppose -525 = -o*s + s - 3*u, -2*s + 3*u = -249. What is the hundreds digit of s?
1
Let t(l) = -20*l + 80. Let y be t(4). Suppose 47*m - 48*m + 292 = y. What is the units digit of m?
2
Let c = 278 + -260. Suppose -4*a + 21*i + 3947 = c*i, -5*a - 3*i + 4900 = 0. What is the units digit of a?
3
Let m = 6733 - -10052. What is the hundreds digit of m?
7
Suppose -3*m = 2*m - 475. Suppose 4*x - 795 = -m. What is the tens digit of ((x/2)/5)/(1/2)?
3
Suppose -8*h + 1215164 = 74*h - 6*h. What is the thousands digit of h?
5
Let b be 1569/2 - 7/(-14). Suppose -6*w + b + 1387 = 0. What is the tens digit of w?
6
Let s(k) = 307*k**3 - 8*k**2 - 137*k + 702. What is the tens digit of s(5)?
9
Suppose -2*f + 20 - 14 = 0. Suppose -5 = -2*o + o + 4*v, f*o - v - 15 = 0. Suppose 249 = 2*t - w, -w = t - o*w - 142. What is the hundreds digit of t?
1
Suppose 9*c - 57 - 15 = 0. Let j be 0 + -4 + (c - -2). Suppose -2*x = 2, -h - 393 = -j*h + 3*x. What is the units digit of h?
8
Let p = 146 - 97. Let c be (-100)/(-20) - (0 + -121). What is the tens digit of 1/((-3)/c)*p/(-21)?
9
What is the thousands digit of ((-99)/715*-13)/(1*(-9)/(-166785))?
3
Suppose -o + 0*o + 76 = b, -4*o = -b - 319. Let m = o - 94. What is the tens digit of (-3201)/m - 2/5?
1
Suppose -19*c - 7891 = 6150. Let j = -700 - c. What is the units digit of j?
9
Suppose 25*d = 10*d + 210. Suppose -d*x + 19275 = 11*x. What is the hundreds digit of x?
7
Let y = 3499 + -2037. What is the tens digit of y?
6
Suppose 43*v - 235151 = -65602. What is the units digit of v?
3
Let t = 373 - 211. Let y be (-27)/t - (-7694)/12. Let m = -334 + y. What is the hundreds digit of m?
3
Suppose -787 = -5*t - 4*x, 0 = -t - 3*t - 2*x + 626. Suppose 4*y - 35 = -t. What is the units digit of ((-1 + 0)*-4)/(y/(-645))?
6
Suppose -130*u + 14190 = 3*a - 128*u, 0 = 5*a - u - 23676. What is the tens digit of a?
3
Let k(s) = 3731*s - 493. What is the tens digit of k(1)?
3
Let w be (115/5)/((-5)/(-25)). Suppose 5*i = 5*y - 535, -96 = -2*y + i + w. What is the tens digit of y?
0
Suppose 148568 = 82*y - 77506. What is the thousands digit of y?
2
Let w be (-5)/(-2)*(-8)/(-10). Let k be (-2306)/(-14) + (-36)/(-126). Suppose x - 4*h - 134 = -w*x, -5*h + k = 5*x. What is the tens digit of x?
3
Let b(y) = -2*y**2 - 7*y - 14. Let s be b(10). Let v = 496 - s. Let q = -511 + v. What is the units digit of q?
9
Let k(z) = 2*z**2 - 3*z - 8. Let a be k(-3). Suppose -a*d + 2634 = -4548. What is the tens digit of d?
7
Let s(p) = 2*p**2 - 3*p. Let o be s(2). Let j(w) = 3*w**2 - 19*w**3 + 30*w**3 - 4*w + 0*w**2 + 0*w**2. What is the units digit of j(o)?
2
Let l(p) = 18*p - 30. Let u be l(13). Suppose -d + 816 - u = 0. Suppose 596 = 8*h - d. What is the hundreds digit of h?
1
Let h = 259 - -2056. Suppose -h = -5*o - t + 572, 5*t = -15. What is the tens digit of o?
7
Suppose -26*q + 49*q = 28*q - 22205. What is the hundreds digit of q?
4
Suppose 0 = -4*d + 7*d + 522. Let y be (-32)/80 - d/10. Let o = 21 - y. What is the units digit of o?
4
Let f = 43192 - 28677. What is the hundreds digit of f?
5
Let a = -57 - -59. Suppose -j = 0, -a*z - 5*j + 569 = 